 3*z**2 - 8*z - 9. Let s(v) = v**3 - v**2 - 2*v - 2. Let r(d) = 2*g(d) - 9*s(d). Determine r(3).
6
Let h(z) = -11*z**3 - z. Let a(t) = -t**3 - 12*t**2 - 12*t - 10. Let s be a(-11). What is h(s)?
-12
Suppose 3*z = -2*z + 120. Suppose 2*w + 2 = 5*s, w = -2*s - 4*w + z. Let i(j) = j + j**3 + j**2 - j**s. Determine i(0).
0
Let t(y) = y + 4. Let f be t(0). Let k = -1 + f. Let n(z) = -z**3 + 2*z**2 + 4*z + 1. Determine n(k).
4
Let b = 4 - 4. Let z(w) be the third derivative of w**3 + 2*w**2 + b*w + 0 + 1/24*w**4. What is z(-5)?
1
Let m = 88 + -92. Let u(o) = o + 6. What is u(m)?
2
Let v(u) be the third derivative of -u**5/60 + u**4/24 + u**3/6 + 5*u**2. Determine v(0).
1
Let y(z) be the third derivative of z**4/24 - 5*z**3/6 + 3*z**2. What is y(7)?
2
Let k(f) = -f**2 - 4*f + 1. Let d(m) = -5*m - 3. Let i be d(0). What is k(i)?
4
Let v(w) be the first derivative of -2*w**3/3 - 2*w**2 - 3*w + 13. Determine v(-2).
-3
Let d(x) = -5*x**3 + 11*x**2 - 4*x + 13. Let c(z) = z**3 - z**2 - z - 1. Let v(n) = 4*c(n) + d(n). Let l = 28 - 22. What is v(l)?
-3
Let z(n) = n**3 + 3*n**2 - 2*n. Let k(f) = f**3 - 3*f**2 - 4. Let s be k(3). Calculate z(s).
-8
Let a(v) = 58 + 6*v - 117 + 57. Give a(-2).
-14
Let z(v) = -13*v - 37. Let r(f) = -9*f - 25. Let l(a) = -7*r(a) + 5*z(a). Let u(i) = i + 5. Let m(k) = -3*l(k) - 7*u(k). Calculate m(-5).
0
Suppose 0*y - 5*y = 4*g + 60, -3*y - 49 = 5*g. Let i(u) = u + 8. Determine i(y).
0
Let h(o) = -o**2 - 30*o - 103. Let k be h(-26). Let j(i) = 32*i**3 - 5*i**2 - 14. Let x(p) = -11*p**3 + 2*p**2 + 5. Let d(y) = 4*j(y) + 11*x(y). Determine d(k).
8
Let v(f) = 2*f + 9. Suppose -27*l + 21 = -30*l. Calculate v(l).
-5
Let q(g) = -3*g. Let b = 96 - 100. Determine q(b).
12
Let d(n) = 1 + 3*n**2 - n**3 + 3*n**3 - 2*n**2 - 2*n. Let p be d(1). Let l(b) = 1 + p - 2*b - b. Give l(2).
-3
Let w = 9 + -4. Let b = 7 - w. Let o(j) = j**2 + 2*j - 3. Give o(b).
5
Suppose 3*j - 2*t - 2 = 11, 3 = -2*j - t. Let h(m) = m**3 + m**2 + m - 1. Let y(x) = -16*x**3 - 7*x**2 - 7*x + 7. Let w(i) = -6*h(i) - y(i). Calculate w(j).
11
Let q(l) = l**3 + l**2 - 2*l. Let a = -4 + 9. Let f(o) = -7 + 6*o**2 + 0*o + o**3 - 4*o - 2*o**3. Let c be f(a). Give q(c).
0
Let w(a) = -3*a**2 + 1. Let v = -89 - -90. Give w(v).
-2
Let m(a) = -a**3 + 7*a**2 - a + 5. Let b be 34/(-187) + 158/22. What is m(b)?
-2
Suppose -5*j + 0*d - 2*d = -18, 0 = 4*j - 2*d. Suppose x + 4 = j. Let w(n) be the second derivative of -n**4/12 - n**3/6 + n**2 - n. Give w(x).
0
Let h(f) = f + 2. Suppose -2*p - 1 = 3*m - 0, -p + m + 7 = 0. Suppose 0 = p*i - 5 + 17. Let t be -1*(6/i - -7). Calculate h(t).
-3
Let g(i) = 13*i**3 - 8*i**2 - 14*i + 3. Let q(w) = -4*w**3 + 3*w**2 + 5*w - 1. Let x(b) = 3*g(b) + 8*q(b). What is x(1)?
6
Suppose -4*x + 6*x = 3*n - 13, 2*n = x + 7. Let b be (6/(-12))/(n/2). Let u(c) = c + 1. Give u(b).
0
Let y(v) = -1. Let d(l) = l**2 - 5*l + 8. Let n be -1*(-1*4 - -3). Let b(u) = n*d(u) + 4*y(u). Determine b(3).
-2
Let i be (1 - -1)/((-6)/(-24)). Suppose -33 = -5*m - i. Let f(q) = -q - 2. Calculate f(m).
-7
Let f(w) = w**3 - 5*w**2 - 7*w + 7. Let o(t) = t**2 + 3*t + 2. Suppose 4*v + 16 = -0*v. Let d be o(v). What is f(d)?
1
Let n be (-9)/(-6)*(-16)/(-6). Suppose 2*w + 0*w = 2*c - 8, 0 = 5*c + n*w - 38. Let h(x) = -x**3 + 5*x**2 + 8*x - 5. Determine h(c).
7
Let y(h) = -h - 3. Let j(i) = -2. Let k(u) = -2*j(u) + 3*y(u). Suppose -4*c = 0, -3*m - 2*m + 20 = 3*c. Let x be (-126)/33 + m/(-22). Determine k(x).
7
Let k(b) = -b**2 + 5*b + 15. Let q be k(7). Let s(v) = 11*v - 1. What is s(q)?
10
Let n(z) = -26*z**2 + 3*z - 3. Let o(i) = 13*i**2 - i + 1. Let p(g) = 2*n(g) + 5*o(g). Calculate p(1).
13
Let j(f) = 3*f + f**3 + 4*f**2 - f**2 - 9*f**2 - 2. Let k = 0 + 5. What is j(k)?
-12
Suppose -2*k = -4 + 14. Let y(g) be the second derivative of -g**4/12 - 5*g**3/6 - g**2 - 20*g. Determine y(k).
-2
Let j(q) = q**3 - q**2 - 1. Let b = -11 + 13. Suppose 2*k + b*x + 6 = 0, -6*k + 2*k + 5*x = -33. Calculate j(k).
3
Let i(j) = j**2 - 7*j - 6. Suppose 0*a + 17 = 4*o - 3*a, 0 = o - 4*a - 1. Give i(o).
-16
Let q(p) = 9*p**3 - 2*p**2 - p. Let i be (9/6)/3*4. Let s be (-15)/18*-3*i. Suppose -4*o - s = o. Calculate q(o).
-10
Let t(z) be the first derivative of -z**3/3 + 5*z**2/2 - 2. Suppose -2*b + 4*b - 14 = -2*y, b + 4*y = 22. Let u be -2*(b/4 - 2). Determine t(u).
6
Let v(m) = -4*m - 2*m - m**2 + 5*m + 4. What is v(-3)?
-2
Let n be (-5)/20 + 10/8. Let p(d) = -8*d**3 + 7*d**2 - d + 1. Let u(i) = -i**3 + i**2. Let g = 7 - 13. Let a(s) = g*u(s) + p(s). Determine a(n).
-1
Let o(f) = f**2 - 7 + f + 4 + 2*f - f. Let b(w) = 2*w**3 + 2*w - 1. Let y be b(1). Let k be y/12 + 13/(-4). Calculate o(k).
0
Suppose 5 = 5*b - 10. Let q(p) = 2 + b*p + 0 - 2*p - 1. Give q(5).
6
Suppose 0 = -j + 3 - 2. Let l = 6 - 3. Let n(s) = -4*s - l*s + s. Determine n(j).
-6
Let p(a) = -a + 1. Let g(y) = -3*y + 3. Let r(q) = -3*g(q) + 7*p(q). What is r(1)?
0
Let z = -8 + 10. Suppose 5*c + 8 = z*s, -16 = -5*c - 2*s - 2*s. Suppose 2*l = 3*d + 10 - 2, -2*d + 5*l + 2 = c. Let m(f) = 2*f + 3. Give m(d).
-5
Let x(l) = l**3 - 6*l**2 + l - 8. Let a = 10 - 1. Let s = a + -3. Let h be x(s). Let w(f) = -2*f**3 - 3*f**2 - 3*f. What is w(h)?
10
Let y = -2 + 4. Let b(u) = 1 - 2*u - u - 2*u**2 + 6*u**2 + 0*u**y + u**3. Give b(-5).
-9
Suppose -38*v + 32*v + 6 = 0. Let s(l) = 3*l**3 - l**2 - 1 + l**2. Give s(v).
2
Let r(z) = z**3 + 7*z**2 + 7*z + 8. Let y be ((12/(-8))/3)/((-1)/(-12)). What is r(y)?
2
Let x(a) = -a**2 + 6*a - 2. Let d be x(4). Let r = 9 - d. Let z(v) = v - v**2 + 5 - v**r - 2 - 2*v**2. Give z(-3).
0
Let j(u) = 2*u**2 - 13*u. Let r be j(6). Let l(s) = s**2 + 7*s + 6. What is l(r)?
0
Let b(p) = 3*p - 6. Let l be -6*(-2)/((-6)/(-3)). Suppose 12 = 8*k - l*k. What is b(k)?
12
Let x(s) = -42*s + 27. Let h(m) be the third derivative of -m**4/4 + 2*m**3/3 + 5*m**2. Let g(o) = -27*h(o) + 4*x(o). What is g(-1)?
6
Let z(y) = y**2 - 2*y - 2. Let m be z(4). Let k(b) be the first derivative of -b**4/4 + 7*b**3/3 - 5*b**2/2 - 7*b - 2. What is k(m)?
-1
Let g(j) = j**2 - 6*j + 6. Let y be g(4). Let k(d) = 3*d - 11. Let f(o) = 6*o - 23. Let n(m) = y*f(m) + 5*k(m). Give n(6).
9
Let y(a) = -2*a - 1. Let c(d) = d**2 + 9*d + 7. Let s be c(-8). Give y(s).
1
Let r(d) = -4*d - 3. Let a be (0 - -1)*-1*-31. Let q(o) = -10*o + 4 + 12 + a*o. Let w(j) = 2*q(j) + 11*r(j). Determine w(2).
-5
Let s(c) = -c**3 + 4*c**2 + 5*c + 3. Let o be 1*(1 + -5)*30/(-24). Calculate s(o).
3
Let y(r) = r**2 + 2*r - 5. Let f be y(-4). Let g(s) = s**3 - 2*s**2 - 2*s + 1. Calculate g(f).
4
Let g(x) = -x**3 - 6*x**2 + 8*x - 2. Let v = -34 + 27. Determine g(v).
-9
Let b(z) = 2*z. Let s(k) = -k**3 - 3*k**2 - k + 3. Let i be s(-2). Determine b(i).
2
Let d be (1 + 3/(-2))*-40. Suppose 0*s + 5*s + d = 0. Let m(u) = u**2 - 5*u + 3. Let y(l) = -2*l**2 + 5*l - 3. Let a(i) = 3*m(i) + 2*y(i). Give a(s).
7
Let d(z) = -z**2 - 5*z - 2. Let t be d(-5). Let h(q) = -q**3 + q**2 + q - 1. Give h(t).
9
Let d(l) be the second derivative of l**3/6 + 15*l**2 + 37*l. Give d(0).
30
Let k(b) be the third derivative of 0 - 1/24*b**4 - 1/2*b**3 + 0*b + 2*b**2. Calculate k(-4).
1
Let i be 3/2 - (-29)/(-20). Let f(n) be the second derivative of -n + 0 + i*n**5 + 1/4*n**4 - 2*n**2 - 1/2*n**3. What is f(-3)?
5
Let o(k) = 15 - k**3 - k**2 - 10*k**2 + 6*k + 7*k + 0. Let j be o(-12). Let c(b) = -b**3 + 4*b**2 - 3*b. Give c(j).
0
Let x(r) = r - 4. Let y(t) = -3*t + t + 3*t - 1. Let z be y(1). What is x(z)?
-4
Let u(w) = -w**3 + w**2 - w + 6. Let m(i) = -2*i - 14*i**2 + 9*i + 13*i**2. Let t be m(7). What is u(t)?
6
Let i(x) = x**3 + 2*x**2 - 3*x + 5. Let m be 2 + -7 + (4 - 3). Give i(m).
-15
Let a(v) be the second derivative of -v**5/20 + v**4/4 - v**3/3 - v**2/2 - 3*v. Let q be -5*6/(-105)*7. Give a(q).
-1
Let u(d) = -2*d**3 + 8*d**2 - 5*d + 5. Let g(c) = -c**3 + 3*c**2 - 2*c + 2. Let m(v) = -8*g(v) + 3*u(v). Determine m(1).
2
Let b be -6*(-3 - 0)/6. Let j(i) = i - 3. Calculate j(b).
0
Let d(s) be the third derivative of -s**4/12 - 3*s**3/2 - 8*s**2. Calculate d(-7).
5
Let d(a) be the second derivative of -a**5/20 + 5*a**4/12 + 3*a**2 + 4*a. Calculate d(5).
6
Let u(o) = -o**3 - 6*o**2 + 5*o - 13. Let t be u(-7). Let k(y) = -3*y - 5. Let g(w) = w**2 + 4*w + 6. Let f(b) = -4*g(b) - 5*k(b). What is f(t)?
-4
Let r(u) = u**